{"id":779,"date":"2023-08-07T07:32:23","date_gmt":"2023-08-07T07:32:23","guid":{"rendered":"https:\/\/zoukernatural.com\/?page_id=779"},"modified":"2024-12-30T15:29:43","modified_gmt":"2024-12-30T15:29:43","slug":"soulzouk-festival-2024","status":"publish","type":"page","link":"https:\/\/zoukernatural.de\/index.php\/soulzouk-festival-2024\/","title":{"rendered":"SOULZOUK FESTIVAL 2024"},"content":{"rendered":"\n<p><\/p>\n\n\n\n<p>Update: <a href=\"https:\/\/drive.google.com\/drive\/folders\/1SgQfe-Hn3S4FlEZ6W4hUySK71mZDR74C?usp=drive_link\">SZF 2024 photos<\/a> out now<\/p>\n\n\n\n<p><\/p>\n\n\n\n<p><\/p>\n\n\n\n<p>EVENT WEBSITE: <a href=\"https:\/\/sites.google.com\/view\/soulzoukfestival2023\">https:\/\/sites.google.com\/view\/soulzoukfestival2025<\/a><\/p>\n\n\n\n<p>_________________________________<\/p>\n\n\n\n<p><\/p>\n\n\n\n<p>Join us for the third edition of the Bonn SoulZouk Festival<\/p>\n\n\n\n<p>01 &#8211; 04 AUGUST 2024<\/p>\n\n\n\n<p><img loading=\"lazy\" decoding=\"async\" height=\"16\" width=\"16\" src=\"https:\/\/static.xx.fbcdn.net\/images\/emoji.php\/v9\/tf6\/3\/16\/2728.png\" alt=\"\u2728\">&nbsp;22 hours of workshops for all levels<br><img loading=\"lazy\" decoding=\"async\" height=\"16\" width=\"16\" src=\"https:\/\/static.xx.fbcdn.net\/images\/emoji.php\/v9\/tf6\/3\/16\/2728.png\" alt=\"\u2728\">&nbsp;DANCING ALL DAY with day socials all Saturday &amp; Sunday<br><img loading=\"lazy\" decoding=\"async\" height=\"16\" width=\"16\" src=\"https:\/\/static.xx.fbcdn.net\/images\/emoji.php\/v9\/tf6\/3\/16\/2728.png\" alt=\"\u2728\">&nbsp;Four party nights<br><img loading=\"lazy\" decoding=\"async\" height=\"16\" width=\"16\" src=\"https:\/\/static.xx.fbcdn.net\/images\/emoji.php\/v9\/tf6\/3\/16\/2728.png\" alt=\"\u2728\">&nbsp;Biggest lineup of international SoulZouk teachers in one spot<br><img loading=\"lazy\" decoding=\"async\" height=\"16\" width=\"16\" src=\"https:\/\/static.xx.fbcdn.net\/images\/emoji.php\/v9\/tf6\/3\/16\/2728.png\" alt=\"\u2728\">&nbsp;International DJs<br><img loading=\"lazy\" decoding=\"async\" height=\"16\" width=\"16\" src=\"https:\/\/static.xx.fbcdn.net\/images\/emoji.php\/v9\/tf6\/3\/16\/2728.png\" alt=\"\u2728\">&nbsp;Your unique spot for a deep dive into SoulZouk technique &amp; four days of SZ magic<\/p>\n\n\n\n<p><\/p>\n\n\n\n<p>_________________________________<\/p>\n\n\n\n<p><\/p>\n\n\n\n<p>Experience connection, creativity, and flow.<\/p>\n\n\n\n<p>Originally created by Claudio Dias (China) in Rio and since developed by a team of international Zouk teachers, SoulZouk has been influencing Brazilian Zouk for more than two decades. Elements of SoulZouk, such as micro body isolations and the use of body leading, can be found everywhere in modern Zouk today.<\/p>\n\n\n\n<p>With a focus on body mechanics, body awareness, quality of movement and clear, precise communication, the goal is this: to make dancing smoother, more comfortable, and to turn it into a conversation that&#8217;s co-created by both partners.<\/p>\n\n\n\n<p>_________________________________<\/p>\n\n\n\n<p>Lineup:<\/p>\n\n\n\n<p>China (Xina \/ Claudio SoulZouk) (BRA)<br>Kris \u0141\u0119czek &amp; Klaudia Potoniec (PL)<br>Rebekah Maher (UK)<br>Patr\u00edcia G\u00e9a (BRA)<br>Simone Becker (GER)<br>Martin Konrad (GER)<br>Michel Mens (NL)<br>Holger Weber (GER)<br>Sandrine Sunzouk <br>Fran\u00e7ois de Vieilleville (FR)<br>Maria Pantz (HUN)<br><\/p>\n\n\n\n<p><\/p>\n\n\n\n<p>DJs:<br><\/p>\n\n\n\n<p>DJ Viking (NO)<br>DJ JuliuZ (NL)<br>DJ Marcello (BRA)<br>DJ Phonon (GER)<br>DJ Ecco (GER)<br>DJ Mesmes (HUN)<br>DJ St\u00e9a (BE)<br>DJ SoulZ (PL)<br>DJ Kyong (GER)<br>DJ Laura (HK)<br>DJ Touch\u01b7ouk (NL)<\/p>\n\n\n\n<p>_________________________________<\/p>\n\n\n\n<p>Schedule:<\/p>\n\n\n\n<p>THURSDAY, 01.08.<br>20:00 Registration and Pre-party<\/p>\n\n\n\n<p>FRIDAY, 02.08.<br>20:00-22:00 Workshops (2 Areas)<br>22:00 Party<\/p>\n\n\n\n<p>SATURDAY, 03.08.<br>12:30-19:00 Workshops (2 Areas)<br>12:30-19:00 Day Social<br>21:00 Prep-Party Workshop<br>22:00 Party<\/p>\n\n\n\n<p>SUNDAY, 04.08.<br>12:30-18:00 Workshops (2 Areas)<br>12:30-18:00 Day Social<br>20:30 Farewell Party<\/p>\n\n\n\n<p>_________________________________<\/p>\n\n\n\n<p>VENUE<\/p>\n\n\n\n<p>Freie Waldorf Schule Bonn<br>Stettiner Str. 21<\/p>\n\n\n\n<p>We listened to your feedback: Workshops, day socials, and night parties ALL IN THE SAME VENUE!<\/p>\n\n\n\n<p>_________________________________<\/p>\n\n\n\n<p>REGISTER NOW: https:\/\/docs.google.com\/forms\/d\/1GEBMGTyac_ZQfNw1TmQRHBfhpKkBrWiLoD9weRUPVPE\/<\/p>\n\n\n\n<p>_________________________________<\/p>\n\n\n\n<p>SINGLE PASSES<\/p>\n\n\n\n<p>Super Early Bird<br>until Jan 6: \u20ac120,00<\/p>\n\n\n\n<p>Lot 1<br>Jan 7 &#8211; March 31: \u20ac135,00<\/p>\n\n\n\n<p>Lot 2<br>April 1 &#8211; June 16: \u20ac150,00<\/p>\n\n\n\n<p>Lot 3<br>June 17 &#8211; July 31: \u20ac165,00<\/p>\n\n\n\n<p>COUPLE PASSES<br>Super Early Bird<br>until Jan 6: \u20ac230,00<\/p>\n\n\n\n<p>Lot 1<br>Jan 7 &#8211; March 31: \u20ac260,00<\/p>\n\n\n\n<p>Lot 2<br>April 1 &#8211; June 16: \u20ac280,00<\/p>\n\n\n\n<p>Lot 3<br>June 17 &#8211; July 31: \u20ac310,00<\/p>\n\n\n\n<p>_________________________________<\/p>\n\n\n\n<p>At the door tickets for all night parties:<\/p>\n\n\n\n<p>THURSDAY: Donation based<\/p>\n\n\n\n<p>FRIDAY PARTY: \u20ac15,00<\/p>\n\n\n\n<p>SATURDAY PARTY: \u20ac15,00<\/p>\n\n\n\n<p>SUNDAY PARTY: \u20ac10,00<\/p>\n\n\n\n<p>_________________________________<\/p>\n\n\n\n<p>All info on our <a href=\"https:\/\/sites.google.com\/view\/soulzoukfestival2023\">event website<\/a><\/p>\n\n\n\n<p>Follow for updates:&nbsp;<a href=\"https:\/\/l.facebook.com\/l.php?u=http%3A%2F%2Finstagram.com%2Fzoukernatural%2F%3Ffbclid%3DIwAR1IA4FUDhPh0wHAiaSyHiUCzCOmc72ODe2LqpgaB-OnjXDzCPv9Dw4o5tI&amp;h=AT2wSBuR6huQGPuC11iBJdv2Tmb2s765p7lcKWL5WI9xI8ewi2LmcBvtClx2NAroy5r6tjNQmwQPb4JUcjdpQbszyNLJo-LvwIbSg6Ag7Yp9LC9DT_EhLH7EIL0WWSfWgTakJIGhMkVDoCtdSrzw57excA&amp;__tn__=q&amp;c[0]=AT354QljLAAuTNdLEenAq022PpjNRkDz7fcGUWI435LRzHi8tQcjM5cZNlK1d2az62scrHeggLWeIg8ANcvNN9WvyRWE4Ks7gqtUIJYyKOi6T6S0Xzm9XJwB5xBzZH2wXTM\" target=\"_blank\" rel=\"noreferrer noopener\">instagram.com\/zoukernatural\/<\/a><\/p>\n\n\n\n<p>_________________________________<\/p>\n\n\n\n<figure class=\"wp-block-image size-large\"><a href=\"https:\/\/zoukernatural.de\/wp-content\/uploads\/2024\/07\/SZF_2024_Workshops.png\"><img loading=\"lazy\" decoding=\"async\" width=\"726\" height=\"1024\" src=\"https:\/\/zoukernatural.de\/wp-content\/uploads\/2024\/07\/SZF_2024_Workshops-726x1024.png\" alt=\"\" class=\"wp-image-1015\" srcset=\"https:\/\/zoukernatural.com\/wp-content\/uploads\/2024\/07\/SZF_2024_Workshops-726x1024.png 726w, https:\/\/zoukernatural.com\/wp-content\/uploads\/2024\/07\/SZF_2024_Workshops-213x300.png 213w, https:\/\/zoukernatural.com\/wp-content\/uploads\/2024\/07\/SZF_2024_Workshops-768x1083.png 768w, https:\/\/zoukernatural.com\/wp-content\/uploads\/2024\/07\/SZF_2024_Workshops-1089x1536.png 1089w, https:\/\/zoukernatural.com\/wp-content\/uploads\/2024\/07\/SZF_2024_Workshops.png 1276w\" sizes=\"auto, (max-width: 726px) 100vw, 726px\" \/><\/a><\/figure>\n","protected":false},"excerpt":{"rendered":"<p>Update: SZF 2024 photos out now EVENT WEBSITE: https:\/\/sites.google.com\/view\/soulzoukfestival2025 _________________________________ Join us for the third edition of the Bonn SoulZouk Festival 01 &#8211; 04 AUGUST 2024 &nbsp;22 hours of workshops for all levels&nbsp;DANCING ALL DAY with day socials all Saturday &amp; Sunday&nbsp;Four party nights&nbsp;Biggest lineup of international SoulZouk teachers in one spot&nbsp;International DJs&nbsp;Your unique spot &hellip; <a href=\"https:\/\/zoukernatural.de\/index.php\/soulzouk-festival-2024\/\" class=\"more-link\">Continue reading <span class=\"screen-reader-text\">SOULZOUK FESTIVAL 2024<\/span> <span class=\"meta-nav\">&rarr;<\/span><\/a><\/p>\n","protected":false},"author":1,"featured_media":787,"parent":0,"menu_order":0,"comment_status":"closed","ping_status":"closed","template":"","meta":{"footnotes":""},"class_list":["post-779","page","type-page","status-publish","has-post-thumbnail","hentry"],"_links":{"self":[{"href":"https:\/\/zoukernatural.com\/index.php\/wp-json\/wp\/v2\/pages\/779","targetHints":{"allow":["GET"]}}],"collection":[{"href":"https:\/\/zoukernatural.com\/index.php\/wp-json\/wp\/v2\/pages"}],"about":[{"href":"https:\/\/zoukernatural.com\/index.php\/wp-json\/wp\/v2\/types\/page"}],"author":[{"embeddable":true,"href":"https:\/\/zoukernatural.com\/index.php\/wp-json\/wp\/v2\/users\/1"}],"replies":[{"embeddable":true,"href":"https:\/\/zoukernatural.com\/index.php\/wp-json\/wp\/v2\/comments?post=779"}],"version-history":[{"count":23,"href":"https:\/\/zoukernatural.com\/index.php\/wp-json\/wp\/v2\/pages\/779\/revisions"}],"predecessor-version":[{"id":1088,"href":"https:\/\/zoukernatural.com\/index.php\/wp-json\/wp\/v2\/pages\/779\/revisions\/1088"}],"wp:featuredmedia":[{"embeddable":true,"href":"https:\/\/zoukernatural.com\/index.php\/wp-json\/wp\/v2\/media\/787"}],"wp:attachment":[{"href":"https:\/\/zoukernatural.com\/index.php\/wp-json\/wp\/v2\/media?parent=779"}],"curies":[{"name":"wp","href":"https:\/\/api.w.org\/{rel}","templated":true}]}}